{"id":5234,"date":"2024-06-17T17:54:16","date_gmt":"2024-06-17T15:54:16","guid":{"rendered":"https:\/\/odontopedianathalieescudero.fr\/cabinet-dentaire\/index.php\/politique-de-cookies-ue\/"},"modified":"2024-11-05T15:21:31","modified_gmt":"2024-11-05T14:21:31","slug":"politique-de-cookies-ue","status":"publish","type":"page","link":"https:\/\/odontopedianathalieescudero.fr\/cabinet-dentaire\/index.php\/politique-de-cookies-ue\/","title":{"rendered":"Politique de cookies (UE)"},"content":{"rendered":"[vc_row type=\u00a0\u00bbin_container\u00a0\u00bb full_screen_row_position=\u00a0\u00bbmiddle\u00a0\u00bb column_margin=\u00a0\u00bbdefault\u00a0\u00bb column_direction=\u00a0\u00bbdefault\u00a0\u00bb column_direction_tablet=\u00a0\u00bbdefault\u00a0\u00bb column_direction_phone=\u00a0\u00bbdefault\u00a0\u00bb scene_position=\u00a0\u00bbcenter\u00a0\u00bb text_color=\u00a0\u00bbdark\u00a0\u00bb text_align=\u00a0\u00bbleft\u00a0\u00bb row_border_radius=\u00a0\u00bbnone\u00a0\u00bb row_border_radius_applies=\u00a0\u00bbbg\u00a0\u00bb overflow=\u00a0\u00bbvisible\u00a0\u00bb overlay_strength=\u00a0\u00bb0.3&Prime; gradient_direction=\u00a0\u00bbleft_to_right\u00a0\u00bb shape_divider_position=\u00a0\u00bbbottom\u00a0\u00bb bg_image_animation=\u00a0\u00bbnone\u00a0\u00bb][vc_column column_padding=\u00a0\u00bbpadding-5-percent\u00a0\u00bb column_padding_tablet=\u00a0\u00bbinherit\u00a0\u00bb column_padding_phone=\u00a0\u00bbinherit\u00a0\u00bb column_padding_position=\u00a0\u00bball\u00a0\u00bb bottom_margin=\u00a0\u00bb30&Prime; column_element_direction_desktop=\u00a0\u00bbdefault\u00a0\u00bb column_element_spacing=\u00a0\u00bbdefault\u00a0\u00bb desktop_text_alignment=\u00a0\u00bbdefault\u00a0\u00bb tablet_text_alignment=\u00a0\u00bbdefault\u00a0\u00bb phone_text_alignment=\u00a0\u00bbdefault\u00a0\u00bb background_color_opacity=\u00a0\u00bb1&Prime; background_hover_color_opacity=\u00a0\u00bb1&Prime; column_backdrop_filter=\u00a0\u00bbnone\u00a0\u00bb column_shadow=\u00a0\u00bbnone\u00a0\u00bb column_border_radius=\u00a0\u00bbnone\u00a0\u00bb column_link_target=\u00a0\u00bb_self\u00a0\u00bb column_position=\u00a0\u00bbdefault\u00a0\u00bb gradient_direction=\u00a0\u00bbleft_to_right\u00a0\u00bb overlay_strength=\u00a0\u00bb0.3&Prime; width=\u00a0\u00bb1\/1&Prime; tablet_width_inherit=\u00a0\u00bbdefault\u00a0\u00bb animation_type=\u00a0\u00bbdefault\u00a0\u00bb bg_image_animation=\u00a0\u00bbnone\u00a0\u00bb border_type=\u00a0\u00bbsimple\u00a0\u00bb column_border_width=\u00a0\u00bbnone\u00a0\u00bb column_border_style=\u00a0\u00bbsolid\u00a0\u00bb column_padding_type=\u00a0\u00bbdefault\u00a0\u00bb gradient_type=\u00a0\u00bbdefault\u00a0\u00bb][vc_column_text css=\u00a0\u00bb.vc_custom_1730816437214{margin-top: 115px !important;}\u00a0\u00bb text_direction=\u00a0\u00bbdefault\u00a0\u00bb]\n<h2>Politique de Cookies<\/h2>\n<p>Derni\u00e8re mise \u00e0 jour : <strong>05\/11\/2024<\/strong><\/p>\n<p>Bienvenue sur notre site d&rsquo;information du Docteur Nathalie Escudero Papot.<\/p>\n<p>Cette politique de cookies d\u00e9crit les types de cookies que nous utilisons, leur finalit\u00e9, et les choix qui s\u2019offrent \u00e0 vous concernant leur utilisation.<\/p>\n<h4>1. Qu&rsquo;est-ce qu&rsquo;un cookie ?<\/h4>\n<p>Les cookies sont de petits fichiers texte stock\u00e9s sur votre appareil (ordinateur, tablette, smartphone) lorsque vous visitez un site web. Ils permettent de reconna\u00eetre votre appareil lors de vos visites suivantes et d\u2019am\u00e9liorer votre exp\u00e9rience utilisateur.<\/p>\n<h4>2. Types de cookies que nous utilisons<\/h4>\n<p>Notre Site utilise diff\u00e9rents types de cookies, regroup\u00e9s comme suit :<\/p>\n<p><strong>&#8211; Cookies strictement n\u00e9cessaires :<\/strong> Ces cookies sont indispensables au bon fonctionnement de notre site et vous permettent d\u2019acc\u00e9der \u00e0 ses fonctionnalit\u00e9s essentielles. Par exemple, ils permettent de naviguer entre les pages et d\u2019acc\u00e9der \u00e0 des parties s\u00e9curis\u00e9es du Site.<\/p>\n<p><strong>&#8211; Cookies de performance et d\u2019analyse :<\/strong> Ces cookies collectent des informations sur la mani\u00e8re dont les visiteurs utilisent notre Site (pages visit\u00e9es, dur\u00e9e de la visite, etc.). Nous utilisons ces donn\u00e9es pour comprendre comment notre Site est utilis\u00e9 et pour l&rsquo;am\u00e9liorer. Les informations recueillies sont anonymes et ne permettent pas d\u2019identifier directement les utilisateurs.<\/p>\n<p><strong>&#8211; Cookies de fonctionnalit\u00e9 :<\/strong> Ces cookies permettent de m\u00e9moriser vos choix (langue, r\u00e9gion, etc.) et de fournir des fonctionnalit\u00e9s personnalis\u00e9es. Ils facilitent et personnalisent votre navigation sur notre Site.<\/p>\n<p><strong>&#8211; Cookies publicitaires<\/strong> : Nous utilisons ces cookies pour afficher des publicit\u00e9s pertinentes en fonction de vos int\u00e9r\u00eats. Ils peuvent \u00e9galement limiter le nombre de fois que vous voyez une publicit\u00e9 et mesurer l\u2019efficacit\u00e9 d\u2019une campagne publicitaire.<\/p>\n<h4>3. Gestion de vos pr\u00e9f\u00e9rences en mati\u00e8re de cookies<\/h4>\n<p>Vous avez le droit de choisir d&rsquo;accepter ou de refuser les cookies. Vous pouvez modifier vos pr\u00e9f\u00e9rences de cookies \u00e0 tout moment via les param\u00e8tres de votre navigateur ou par l\u2019interm\u00e9diaire de notre gestionnaire de consentement des cookies.<\/p>\n<h4>4. Cookies tiers<\/h4>\n<p>Notre Site peut utiliser des cookies fournis par des tiers, notamment pour des services d\u2019analyse (par exemple, Google Analytics) et de publicit\u00e9. Ces tiers ont leurs propres politiques de confidentialit\u00e9 et de cookies. Nous vous encourageons \u00e0 les consulter pour comprendre comment vos informations sont utilis\u00e9es par ces parties.<\/p>\n<h4>5. Modifications de la politique de cookies<\/h4>\n<p>Nous pouvons mettre \u00e0 jour notre politique de cookies de temps \u00e0 autre. Toute modification sera publi\u00e9e sur cette page avec une nouvelle date de mise \u00e0 jour.<\/p>\n<h4>\u00a06. Contactez-nous<\/h4>\n<p>Pour toute question relative \u00e0 cette politique de cookies, veuillez nous contacter \u00e0 :<\/p>\n<p>contact@odontopedianathalieescudero.fr<\/p>\n[\/vc_column_text][\/vc_column][\/vc_row]\n","protected":false},"excerpt":{"rendered":"<p>[vc_row type=\u00a0\u00bbin_container\u00a0\u00bb full_screen_row_position=\u00a0\u00bbmiddle\u00a0\u00bb column_margin=\u00a0\u00bbdefault\u00a0\u00bb column_direction=\u00a0\u00bbdefault\u00a0\u00bb column_direction_tablet=\u00a0\u00bbdefault\u00a0\u00bb column_direction_phone=\u00a0\u00bbdefault\u00a0\u00bb scene_position=\u00a0\u00bbcenter\u00a0\u00bb text_color=\u00a0\u00bbdark\u00a0\u00bb text_align=\u00a0\u00bbleft\u00a0\u00bb row_border_radius=\u00a0\u00bbnone\u00a0\u00bb row_border_radius_applies=\u00a0\u00bbbg\u00a0\u00bb overflow=\u00a0\u00bbvisible\u00a0\u00bb overlay_strength=\u00a0\u00bb0.3&Prime; gradient_direction=\u00a0\u00bbleft_to_right\u00a0\u00bb shape_divider_position=\u00a0\u00bbbottom\u00a0\u00bb bg_image_animation=\u00a0\u00bbnone\u00a0\u00bb][vc_column column_padding=\u00a0\u00bbpadding-5-percent\u00a0\u00bb column_padding_tablet=\u00a0\u00bbinherit\u00a0\u00bb column_padding_phone=\u00a0\u00bbinherit\u00a0\u00bb column_padding_position=\u00a0\u00bball\u00a0\u00bb bottom_margin=\u00a0\u00bb30&Prime; column_element_direction_desktop=\u00a0\u00bbdefault\u00a0\u00bb column_element_spacing=\u00a0\u00bbdefault\u00a0\u00bb desktop_text_alignment=\u00a0\u00bbdefault\u00a0\u00bb tablet_text_alignment=\u00a0\u00bbdefault\u00a0\u00bb phone_text_alignment=\u00a0\u00bbdefault\u00a0\u00bb background_color_opacity=\u00a0\u00bb1&Prime; background_hover_color_opacity=\u00a0\u00bb1&Prime; column_backdrop_filter=\u00a0\u00bbnone\u00a0\u00bb&#8230;<\/p>\n","protected":false},"author":1,"featured_media":0,"parent":0,"menu_order":0,"comment_status":"closed","ping_status":"closed","template":"","meta":{"om_disable_all_campaigns":false,"_monsterinsights_skip_tracking":false,"_monsterinsights_sitenote_active":false,"_monsterinsights_sitenote_note":"","_monsterinsights_sitenote_category":0,"_uf_show_specific_survey":0,"_uf_disable_surveys":false,"footnotes":""},"class_list":["post-5234","page","type-page","status-publish"],"aioseo_notices":[],"jetpack_sharing_enabled":true,"_links":{"self":[{"href":"https:\/\/odontopedianathalieescudero.fr\/cabinet-dentaire\/index.php\/wp-json\/wp\/v2\/pages\/5234","targetHints":{"allow":["GET"]}}],"collection":[{"href":"https:\/\/odontopedianathalieescudero.fr\/cabinet-dentaire\/index.php\/wp-json\/wp\/v2\/pages"}],"about":[{"href":"https:\/\/odontopedianathalieescudero.fr\/cabinet-dentaire\/index.php\/wp-json\/wp\/v2\/types\/page"}],"author":[{"embeddable":true,"href":"https:\/\/odontopedianathalieescudero.fr\/cabinet-dentaire\/index.php\/wp-json\/wp\/v2\/users\/1"}],"replies":[{"embeddable":true,"href":"https:\/\/odontopedianathalieescudero.fr\/cabinet-dentaire\/index.php\/wp-json\/wp\/v2\/comments?post=5234"}],"version-history":[{"count":5,"href":"https:\/\/odontopedianathalieescudero.fr\/cabinet-dentaire\/index.php\/wp-json\/wp\/v2\/pages\/5234\/revisions"}],"predecessor-version":[{"id":5370,"href":"https:\/\/odontopedianathalieescudero.fr\/cabinet-dentaire\/index.php\/wp-json\/wp\/v2\/pages\/5234\/revisions\/5370"}],"wp:attachment":[{"href":"https:\/\/odontopedianathalieescudero.fr\/cabinet-dentaire\/index.php\/wp-json\/wp\/v2\/media?parent=5234"}],"curies":[{"name":"wp","href":"https:\/\/api.w.org\/{rel}","templated":true}]}}